t 502c (base 13) to base 15.
33ed
a47078 (base 13) to base 9
7206113
What is 26714437 (base 8) in base 2?
10110111001100100011111
Convert 4e042 (base 16) to base 14.
84654
Convert 965a0 (base 13) to base 2.
1000010001101100110
Convert -11011100001011010 (base 2) to base 9.
-181565
Convert d38db (base 15) to base 3.
1021001102022
Convert -19b213 (base 12) to base 13.
-12bcc1
-1090a (base 16) to base 9
-113058
5a05c (base 14) to base 12
a7102
-130aa53 (base 12) to base 7
-43612425
-22101102 (base 5) to base 7
-1423126
Convert 12201204304 (base 5) to base 2.
110111001110000100111011
289b166 (base 12) to base 3
120101000001020
511240515 (base 6) to base 2
100001010111001001111111
Convert 30003 (base 8) to base 12.
7143
-526435 (base 7) to base 6
-1541501
4aa33 (base 12) to base 3
12011111210
-4021a (base 13) to base 6
-2242325
What is -11121100 (base 5) in base 7?
-556342
-110100010001101 (base 2) to base 8
-64215
Convert 12210021310 (base 4) to base 16.
1a4274
What is 652331 (base 8) in base 6?
4402441
What is 22102210220000 (base 3) in base 14?
84a178
What is 26241403 (base 7) in base 5?
1103143430
Convert -9a9556 (base 11) to base 13.
-4441ab
What is 21422222 (base 5) in base 13?
6682b
What is 1325235 (base 6) in base 8?
220027
What is 121223000 (base 4) in base 14?
2a46c
Convert 3414224323 (base 5) to base 16.
73849c
-11222b7 (base 13) to base 5
-2321310411
-181756 (base 12) to base 3
-210012201210
28b96b (base 12) to base 6
22354215
Convert -1002000012001 (base 3) to base 7.
-4565362
Convert 1001001001000001011100 (base 2) to base 9.
4452032
What is 8392a9 (base 12) in base 15?
2acec3
What is -371121 (base 9) in base 16?
-36a9f
100101000111101100000 (base 2) to base 10
1216352
What is -7053ba (base 15) in base 9?
-11027874
What is 940688 (base 16) in base 5?
4440413000
-a31153 (base 11) to base 2
-110010100010010000111
Convert -c14e0 (base 16) to base 13.
-21950b
Convert 165270 (base 8) to base 10.
60088
Convert 2321101 (base 5) to base 3.
2010122112
121120002 (base 4) to base 6
2121110
-10636213 (base 8) to base 15
-309359
Convert c4cc (base 13) to base 11.
19495
What is 111225462 (base 7) in base 4?
121233003330
Convert a7a3b7 (base 14) to base 8.
25514515
What is 944016 (base 10) in base 12?
396380
What is -4203333230 (base 5) in base 4?
-201000120123
-101111101000001100 (base 2) to base 9
-326540
-62220530 (base 7) to base 13
-1107a52
What is a7523 (base 12) in base 2?
110101110000101011
What is 120021531 (base 6) in base 4?
20203132333
What is -49bab (base 14) in base 10?
-180667
What is -2782570 (base 10) in base 9?
-5210864
What is -232133220 (base 4) in base 6?
-4025400
What is 12b4709 (base 12) in base 2?
1110001100000111111001
4423050 (base 9) to base 11
1384125
-467c9 (base 13) to base 9
-215572
-322666 (base 7) to base 13
-1c7b0
Convert eb3c9 (base 16) to base 11.
5a8a06
Convert 50910 (base 10) to base 3.
2120211120
Convert -3a8044 (base 11) to base 14.
-12948b
2120122101020 (base 3) to base 5
322331141
35378 (base 9) to base 7
125633
-1222011303 (base 4) to base 9
-732070
a213a (base 11) to base 14
3c55a
What is 30030312 (base 6) in base 11?
526a72
What is -28671 (base 16) in base 12?
-7b929
1412332200 (base 5) to base 11
2064215
What is -19a7a38 (base 12) in base 5?
-2343241122
-104205 (base 6) to base 16
-220d
Convert -203343300 (base 5) to base 11.
-524496
22320030021 (base 4) to base 15
3b4db3
What is ce376d (base 16) in base 9?
27377487
What is -21121333232 (base 4) in base 2?
-1001011001111111101110
Convert -5124763 (base 9) to base 11.
-15a730a
Convert 253431 (base 8) to base 2.
10101011100011001
What is -27542b8 (base 12) in base 15?
-a486e2
What is 138068 (base 9) in base 10?
84626
What is -ac1caa (base 16) in base 3?
-210020001121101
What is -1362446 (base 7) in base 13?
-65621
Convert 215425234 (base 7) to base 8.
61514332
-256606 (base 8) to base 10
-89478
-2035474 (base 8) to base 7
-4404514
What is -655408 (base 14) in base 9?
-6412830
What is -194b228 (base 13) in base 6?
-454015221
Convert 273736 (base 8) to base 13.
34a49
-3136 (base 10) to base 13
-1573
What is 25107 (base 12) in base 3?
2112221121
189765 (base 11) to base 5
33303301
b399e (base 15) to base 12
235472
Convert 684a (base 11) to base 5.
242013
19d57 (base 16) to base 7
620333
What is -581612 (base 10) in base 14?
-111d5a
What is 100120011 (base 3) in base 6?
52134
Convert 1026456 (base 7) to base 5.
12442441
-380a030 (base 12) to base 7
-162131424
What is 1124234023 (base 5) in base 12?
a3bb16
What is -3711746 (base 8) in base 10?
-1020902
10020221102210 (base 3) to base 7
20466354
What is -4025540 (base 6) in base 15?
-3b6a0
-11100000002 (base 3) to base 15
-1a415
Convert 31398 (base 11) to base 9.
68644
Convert -25045560 (base 7) to base 8.
-10444431
578266 (base 9) to base 13
c2079
-1001011100001000010 (base 2) to base 12
-12b002
What is -2287374 (base 9) in base 5?
-304121011
Convert 1330102323 (base 4) to base 7.
4220205
-412055241 (base 6) to base 13
-1617514
Convert 1883090 (base 13) to base 15.
a89e4e
Convert 1043502250 (base 6) to base 16.
ad98b6
What is 122211022101022 (base 3) in base 13?
1c69100
Convert -1034241033 (base 5) to base 14.
-42b2d7
20463444 (base 8) to base 12
155a484
Convert 5ef9ce (base 16) to base 6.
341224210
What is -33102220312 (base 4) in base 3?
-21112122122001
-112020121201221 (base 3) to base 4
-130320100222
What is 191486 (base 11) in base 8?
1077511
44004 (base 11) to base 13
2310a
Convert -110011000110011100101 (base 2) to base 16.
-198ce5
-1001100111001101 (base 2) to base 12
-1a951
-93284 (base 13) to base 2
-1000000011110010110
4adf2 (base 16) to base 2
1001010110111110010
1d5fa (base 16) to base 14
31bbc
-1736343 (base 8) to base 2
-1111011110011100011
What is 130041224 (base 5) in base 13?
18c91a
2643527 (base 11) to base 3
22121022110021
What is 2001111100212 (base 3) in base 5?
234423213
6ef49 (base 16) to base 7
3601665
11330020132 (base 4) to base 15
20b517
Convert -2529365 (base 12) to base 3.
-111200112120212
-1bba8 (base 13) to base 9
-83055
Convert 118402 (base 9) to base 6.
1312132
-86541 (base 12) to base 15
-376ba
1001111110111011101100 (base 2) to base 8
11767354
What is 1010101010 (base 2) in base 9?
837
111010130 (base 4) to base 12
41b38
What is -1100000100010000 (base 2) in base 13?
-1965b
What is -5324032 (base 7) in base 3?
-1012202120211
What is -373130 (base 8) in base 7?
-1043633
1110100100010010001 (base 2) to base 6
14121505
What is -36726c (base 13) in base 16?
-13da3c
2313212 (base 5) to base 10
41682
What is 1122211122221 (base 3) in base 8?
3273616
Convert 1121123013 (base 4) to base 12.
157b73
572776 (base 9) to base 7
2626530
-66d569 (base 15) to base 11
-2850301
-8a30f (base 16) to base 6
-20044303
-11745317 (base 9) to base 3
-101211112100121
103310121 (base 4) to base 15
190bc
What is -6ab06 (base 12) in base 9?
-237486
-14250143 (base 6) to base 8
-1672317
What is 5630616 (base 8) in base 11?
949011
-5555233 (base 8) to base 10
-1497755
Convert -34779 (base 16) to base 9.
-356713
-7450b0 (base 13) to base 12
-ab4773
Convert -2426172 (base 9) to base 3.
-2110220012102
Convert c3b6 (base 13) to base 12.
13778
Convert 200412 (base 9) to base 5.
12242213
-1011321213 (base 4) to base 12
-119833
Convert 26842 (base 9) to base 10.
18182
Convert 3325656 (base 7) to base 11.
260228
5532060 (base 7) to base 12
289783
Convert -2111122222111 (base 3) to base 12.
-542911
Convert -53500100 (base 8) to base 2.
-101011101000000001000000
-3337392 (base 11) to base 7
-100510612
What is -343205 (base 7) in base 2?
-1110111011100101
-121110122202 (base 3) to base 8
-1171073
What is -53410210 (base 7) in base 3?
-22112200020211
What is -224639 (base 11) in base 5?
-42414401
What is -134064 (base 7) in base 6?
-313420
Convert -115276 (base 8) to base 14.
-10618
Convert -31223440 (base 5) to base 2.
-111110111111001011
What is 1100000001111111 (base 2) in base 16?
c07f
Convert -11001212220 (base 3) to base 4.
-103203222
9b771 (base 13) to base 10
282491
Convert 763dc (base 14) to base 16.
45dce
Convert -563b1 (base 15) to base 9.
-457134
a797a1 (base 13) to base 3
21101212100122
-1472038 (base 12) to base 4
-33300102230
-4dacd (base 14) to base 4
-232233311
113132022 (base 4) to base 14
27070